eatest common divisor of 99619 and 10961?
97
What is the greatest common factor of 49887 and 1771?
23
Calculate the greatest common divisor of 634869 and 207.
207
Calculate the greatest common factor of 386 and 626.
2
Calculate the greatest common divisor of 196 and 306838.
98
Calculate the highest common divisor of 25072 and 188.
4
What is the greatest common divisor of 106 and 134567?
53
Calculate the greatest common factor of 9666 and 12258.
54
What is the greatest common divisor of 45 and 11008485?
45
Calculate the greatest common divisor of 40170 and 26130.
390
What is the highest common factor of 175 and 224805?
35
Calculate the greatest common factor of 240 and 205.
5
What is the highest common factor of 323 and 632453?
19
Calculate the highest common factor of 990 and 27390.
330
Calculate the highest common factor of 192 and 61896.
24
Calculate the greatest common divisor of 351 and 115414.
13
What is the highest common factor of 75 and 191575?
25
Calculate the highest common divisor of 1041678 and 1254.
66
Calculate the highest common divisor of 36797 and 217.
31
What is the highest common factor of 202 and 158974?
202
Calculate the highest common factor of 1835 and 15.
5
What is the greatest common divisor of 11074 and 84?
14
What is the highest common factor of 3510 and 3375?
135
Calculate the greatest common divisor of 126 and 415184.
14
What is the greatest common divisor of 31068 and 84?
12
Calculate the highest common factor of 19256 and 6322.
58
Calculate the greatest common divisor of 42 and 106512.
42
Calculate the highest common divisor of 141038 and 1552.
194
What is the highest common factor of 65481 and 312?
39
Calculate the highest common factor of 120 and 131136.
24
What is the highest common factor of 1656 and 490392?
72
Calculate the greatest common factor of 248 and 185392.
8
Calculate the highest common divisor of 23461 and 106788.
809
Calculate the highest common divisor of 44 and 844.
4
What is the greatest common factor of 2205953 and 46?
23
Calculate the greatest common factor of 3 and 241413.
3
What is the greatest common divisor of 1367525 and 475?
475
What is the highest common divisor of 713 and 96503?
31
What is the highest common divisor of 528750 and 188?
94
Calculate the greatest common divisor of 42587 and 74.
37
What is the greatest common factor of 1387 and 7811?
73
Calculate the highest common factor of 2303 and 3666.
47
What is the highest common factor of 2642 and 8413449?
1321
Calculate the greatest common factor of 440 and 28.
4
What is the highest common divisor of 1618 and 717583?
809
Calculate the highest common divisor of 1148920 and 120.
40
Calculate the highest common divisor of 19526 and 1950.
26
Calculate the highest common divisor of 274 and 98503.
137
Calculate the greatest common factor of 467709 and 33.
33
What is the greatest common factor of 280 and 57520?
40
Calculate the highest common factor of 452 and 168.
4
What is the greatest common factor of 8896 and 69500?
556
Calculate the highest common divisor of 157480 and 1270.
1270
Calculate the greatest common divisor of 976 and 1907226.
122
What is the highest common factor of 2006320 and 200?
40
What is the highest common factor of 91812 and 1344?
84
Calculate the greatest common divisor of 84 and 42996.
12
What is the greatest common divisor of 25179 and 4389?
231
Calculate the highest common divisor of 27400 and 310.
10
Calculate the greatest common factor of 284047 and 19639.
479
Calculate the highest common divisor of 48 and 389820.
12
What is the highest common factor of 564 and 145548?
12
Calculate the highest common divisor of 45 and 90765.
45
What is the highest common divisor of 3265080 and 3120?
1560
What is the greatest common divisor of 31 and 767002?
31
Calculate the greatest common divisor of 27165 and 30.
15
What is the highest common divisor of 476 and 21532?
28
Calculate the greatest common factor of 544 and 402152.
136
Calculate the greatest common divisor of 600 and 2793750.
150
Calculate the highest common divisor of 14012 and 11752.
452
Calculate the highest common factor of 5330 and 16341.
13
Calculate the highest common factor of 142 and 60847.
71
Calculate the highest common divisor of 1756 and 1080818.
878
What is the greatest common factor of 4063638 and 12?
6
What is the greatest common factor of 27000 and 480?
120
Calculate the greatest common factor of 7055 and 43520.
85
Calculate the highest common factor of 171 and 695457.
171
What is the highest common factor of 4642 and 55?
11
Calculate the highest common factor of 42 and 5509.
7
What is the greatest common factor of 44 and 135047?
11
What is the greatest common factor of 92 and 734482?
46
What is the greatest common factor of 1930 and 42110?
10
Calculate the greatest common factor of 136 and 24956.
68
What is the highest common factor of 11220 and 295?
5
Calculate the greatest common divisor of 507315 and 30.
15
Calculate the highest common factor of 13584 and 112.
16
What is the greatest common factor of 477 and 2127897?
477
Calculate the highest common divisor of 84337 and 82.
41
Calculate the greatest common factor of 14 and 28238.
14
Calculate the highest common factor of 54 and 382.
2
Calculate the highest common divisor of 4437 and 217152.
261
Calculate the greatest common factor of 65484 and 180.
36
Calculate the greatest common factor of 69561 and 18.
9
What is the greatest common factor of 3330 and 3219?
111
Calculate the greatest common divisor of 212572 and 836.
76
What is the highest common divisor of 148 and 2257?
37
What is the greatest common factor of 126 and 127701?
63
What is the highest common factor of 34293 and 1656?
69
Calculate the highest common divisor of 2140 and 15943.
107
What is the highest common divisor of 3992382 and 918?
918
What is the greatest common divisor of 26264 and 8710?
134
Calculate the greatest common divisor of 288 and 3051.
9
What is the highest common divisor of 74547 and 19602?
297
What is the greatest common divisor of 143 and 66231?
11
What is the greatest common divisor of 6944 and 12524?
124
What is the greatest common divisor of 5543 and 828?
23
What is the highest common factor of 50 and 12035?
5
What is the greatest common divisor of 60452 and 128524?
508
What is the greatest common factor of 138 and 2546744?
46
Calculate the greatest common divisor of 490 and 1610.
70
What is the highest common factor of 1051071 and 42?
21
Calculate the highest common divisor of 2328 and 443096.
776
Calculate the greatest common divisor of 184053 and 39.
3
What is the highest common divisor of 206 and 638497?
103
Calculate the greatest common divisor of 230844 and 30.
6
Calculate the highest common factor of 1551 and 121119.
141
Calculate the highest common divisor of 1446492 and 1341.
447
Calculate the greatest common divisor of 467270 and 10.
10
What is the highest common divisor of 925 and 86425?
25
Calculate the highest common divisor of 230 and 1518345.
115
Calculate the highest common factor of 16692 and 936.
156
What is the highest common divisor of 71180 and 52?
4
What is the highest common factor of 403090 and 20?
10
Calculate the greatest common factor of 17400 and 7450.
50
Calculate the highest common divisor of 27 and 7392.
3
What is the greatest common factor of 135665 and 6880?
215
Calculate the greatest common factor of 94 and 201442.
94
What is the highest common divisor of 29097 and 305?
61
Calculate the greatest common divisor of 7976 and 168493.
997
Calculate the highest common divisor of 14 and 1624.
14
Calculate the greatest common divisor of 12 and 448314.
6
What is the greatest common divisor of 13674 and 1806?
258
What is the greatest common divisor of 205548 and 192?
12
What is the highest common divisor of 168 and 114926?
14
What is the highest common factor of 120 and 64552?
8
What is the greatest common divisor of 63 and 144487?
7
What is the highest common divisor of 4295 and 245?
5
What is the greatest common factor of 19767 and 114?
3
Calculate the highest common factor of 579 and 23353.
193
Calculate the greatest common divisor of 26 and 2774616.
26
Calculate the greatest common divisor of 30 and 58665.
15
What is the highest common divisor of 244 and 1012234?
122
What is t